{"id":423,"date":"2014-08-31T10:23:18","date_gmt":"2014-08-31T09:23:18","guid":{"rendered":"https:\/\/www.barttimmers.nl\/?page_id=423"},"modified":"2017-04-21T10:24:36","modified_gmt":"2017-04-21T09:24:36","slug":"manana-manana-2014","status":"publish","type":"page","link":"https:\/\/www.barttimmers.nl\/?page_id=423","title":{"rendered":"Ma\u00f1ana Ma\u00f1ana 2014"},"content":{"rendered":"<h1>Ma\u00f1ana Ma\u00f1ana, Hummelo, 31 augustus 2014<\/h1>\n<p><img loading=\"lazy\" decoding=\"async\" class=\"size-medium wp-image-424 alignright\" src=\"https:\/\/www.barttimmers.nl\/wp-content\/uploads\/2017\/04\/Manana-300x232.png\" alt=\"\" width=\"300\" height=\"232\" srcset=\"https:\/\/www.barttimmers.nl\/wp-content\/uploads\/2017\/04\/Manana-300x232.png 300w, https:\/\/www.barttimmers.nl\/wp-content\/uploads\/2017\/04\/Manana.png 356w\" sizes=\"auto, (max-width: 300px) 100vw, 300px\" \/>Om van een driedaags festival waar je een klein dagje naar toe gaat, een uitgebreide recensie te schrijven, zou het festival geen recht doen. Zeker niet als die dag gekleurd wordt door (alweer) veel regen, terwijl Manana Manana als uiterst relaxed festival toch nog meer dan andere festivals pas goed tot zijn recht komt in een zomerzonnetje. De enorme blubberpoel verhinderde de mogelijkheid om bij de toch aanwezige zonnebuitjes in het gras te gaan liggen, maar qua aankleding, sfeer en kleinschaligheid moet Manana Manana tot de meer bijzondere festivals van Nederland gerekend gaan worden. Een piano middenin het bos, waar mensen met hun zelf meegenomen instrumenten kunnen gaan jammen. Podia met namen als \u201cde veranda\u201d \u201cde bospiano\u201d en \u201cde tipi\u201d (Het Rabopodium klinkt dan wel ineens heel zakelijk&#8230;). Alles in fraai hout uitgevoerd. Heerlijke exotische eettentjes waaronder een forellenvijver waar je eerst zelf je vis moet vangen. Kleinschalige acts als de bluegrass-cowboys van Cowpoke. En veel onbekende bandjes op de verschillende podia. Wat er deze dag uitsprong voor mij: De beatlespop van Sunday Sun, de kruising van Tom Waits en Bots in de vorm van Flip en de Noormannen en de ondefinieerbare rock van Donnerwetter. \u00c9n de gezelligheid van het gezelschap hierboven (waarbij helaas Frank, Teun en Miriam ontbraken). Ik stel me zo voor dat volgend jaar, met een zonnetje&#8230;.<\/p>\n","protected":false},"excerpt":{"rendered":"<p>Ma\u00f1ana Ma\u00f1ana, Hummelo, 31 augustus 2014 Om van een driedaags festival waar je een klein dagje naar toe gaat, een uitgebreide recensie te schrijven, zou het festival geen recht doen. Zeker niet als die dag gekleurd wordt door (alweer) veel regen, terwijl Manana Manana als uiterst relaxed festival toch nog meer dan andere festivals pas&hellip;&nbsp;<a href=\"https:\/\/www.barttimmers.nl\/?page_id=423\" rel=\"bookmark\">Lees verder &raquo;<span class=\"screen-reader-text\">Ma\u00f1ana Ma\u00f1ana 2014<\/span><\/a><\/p>\n","protected":false},"author":1,"featured_media":0,"parent":0,"menu_order":0,"comment_status":"closed","ping_status":"closed","template":"","meta":{"neve_meta_sidebar":"","neve_meta_container":"","neve_meta_enable_content_width":"","neve_meta_content_width":0,"neve_meta_title_alignment":"","neve_meta_author_avatar":"","neve_post_elements_order":"","neve_meta_disable_header":"","neve_meta_disable_footer":"","neve_meta_disable_title":"","_themeisle_gutenberg_block_has_review":false,"footnotes":""},"class_list":["post-423","page","type-page","status-publish","hentry"],"yoast_head":"<!-- This site is optimized with the Yoast SEO plugin v27.4 - https:\/\/yoast.com\/product\/yoast-seo-wordpress\/ -->\n<title>Ma\u00f1ana Ma\u00f1ana 2014 - Muziek en meer<\/title>\n<meta name=\"robots\" content=\"index, follow, max-snippet:-1, max-image-preview:large, max-video-preview:-1\" \/>\n<link rel=\"canonical\" href=\"https:\/\/www.barttimmers.nl\/?page_id=423\" \/>\n<meta property=\"og:locale\" content=\"nl_NL\" \/>\n<meta property=\"og:type\" content=\"article\" \/>\n<meta property=\"og:title\" content=\"Ma\u00f1ana Ma\u00f1ana 2014 - Muziek en meer\" \/>\n<meta property=\"og:description\" content=\"Ma\u00f1ana Ma\u00f1ana, Hummelo, 31 augustus 2014 Om van een driedaags festival waar je een klein dagje naar toe gaat, een uitgebreide recensie te schrijven, zou het festival geen recht doen. Zeker niet als die dag gekleurd wordt door (alweer) veel regen, terwijl Manana Manana als uiterst relaxed festival toch nog meer dan andere festivals pas&hellip;&nbsp;Lees verder &raquo;Ma\u00f1ana Ma\u00f1ana 2014\" \/>\n<meta property=\"og:url\" content=\"https:\/\/www.barttimmers.nl\/?page_id=423\" \/>\n<meta property=\"og:site_name\" content=\"Muziek en meer\" \/>\n<meta property=\"article:modified_time\" content=\"2017-04-21T09:24:36+00:00\" \/>\n<meta property=\"og:image\" content=\"https:\/\/www.barttimmers.nl\/wp-content\/uploads\/2017\/04\/Manana-300x232.png\" \/>\n<meta name=\"twitter:card\" content=\"summary_large_image\" \/>\n<meta name=\"twitter:label1\" content=\"Geschatte leestijd\" \/>\n\t<meta name=\"twitter:data1\" content=\"1 minuut\" \/>\n<script type=\"application\/ld+json\" class=\"yoast-schema-graph\">{\"@context\":\"https:\\\/\\\/schema.org\",\"@graph\":[{\"@type\":\"WebPage\",\"@id\":\"https:\\\/\\\/www.barttimmers.nl\\\/?page_id=423\",\"url\":\"https:\\\/\\\/www.barttimmers.nl\\\/?page_id=423\",\"name\":\"Ma\u00f1ana Ma\u00f1ana 2014 - Muziek en meer\",\"isPartOf\":{\"@id\":\"https:\\\/\\\/www.barttimmers.nl\\\/#website\"},\"primaryImageOfPage\":{\"@id\":\"https:\\\/\\\/www.barttimmers.nl\\\/?page_id=423#primaryimage\"},\"image\":{\"@id\":\"https:\\\/\\\/www.barttimmers.nl\\\/?page_id=423#primaryimage\"},\"thumbnailUrl\":\"https:\\\/\\\/www.barttimmers.nl\\\/wp-content\\\/uploads\\\/2017\\\/04\\\/Manana-300x232.png\",\"datePublished\":\"2014-08-31T09:23:18+00:00\",\"dateModified\":\"2017-04-21T09:24:36+00:00\",\"breadcrumb\":{\"@id\":\"https:\\\/\\\/www.barttimmers.nl\\\/?page_id=423#breadcrumb\"},\"inLanguage\":\"nl-NL\",\"potentialAction\":[{\"@type\":\"ReadAction\",\"target\":[\"https:\\\/\\\/www.barttimmers.nl\\\/?page_id=423\"]}]},{\"@type\":\"ImageObject\",\"inLanguage\":\"nl-NL\",\"@id\":\"https:\\\/\\\/www.barttimmers.nl\\\/?page_id=423#primaryimage\",\"url\":\"https:\\\/\\\/www.barttimmers.nl\\\/wp-content\\\/uploads\\\/2017\\\/04\\\/Manana.png\",\"contentUrl\":\"https:\\\/\\\/www.barttimmers.nl\\\/wp-content\\\/uploads\\\/2017\\\/04\\\/Manana.png\",\"width\":356,\"height\":275},{\"@type\":\"BreadcrumbList\",\"@id\":\"https:\\\/\\\/www.barttimmers.nl\\\/?page_id=423#breadcrumb\",\"itemListElement\":[{\"@type\":\"ListItem\",\"position\":1,\"name\":\"Home\",\"item\":\"https:\\\/\\\/www.barttimmers.nl\\\/\"},{\"@type\":\"ListItem\",\"position\":2,\"name\":\"Ma\u00f1ana Ma\u00f1ana 2014\"}]},{\"@type\":\"WebSite\",\"@id\":\"https:\\\/\\\/www.barttimmers.nl\\\/#website\",\"url\":\"https:\\\/\\\/www.barttimmers.nl\\\/\",\"name\":\"Muziek en meer\",\"description\":\"Get into the groove.... Bart wil iets delen\",\"potentialAction\":[{\"@type\":\"SearchAction\",\"target\":{\"@type\":\"EntryPoint\",\"urlTemplate\":\"https:\\\/\\\/www.barttimmers.nl\\\/?s={search_term_string}\"},\"query-input\":{\"@type\":\"PropertyValueSpecification\",\"valueRequired\":true,\"valueName\":\"search_term_string\"}}],\"inLanguage\":\"nl-NL\"}]}<\/script>\n<!-- \/ Yoast SEO plugin. -->","yoast_head_json":{"title":"Ma\u00f1ana Ma\u00f1ana 2014 - Muziek en meer","robots":{"index":"index","follow":"follow","max-snippet":"max-snippet:-1","max-image-preview":"max-image-preview:large","max-video-preview":"max-video-preview:-1"},"canonical":"https:\/\/www.barttimmers.nl\/?page_id=423","og_locale":"nl_NL","og_type":"article","og_title":"Ma\u00f1ana Ma\u00f1ana 2014 - Muziek en meer","og_description":"Ma\u00f1ana Ma\u00f1ana, Hummelo, 31 augustus 2014 Om van een driedaags festival waar je een klein dagje naar toe gaat, een uitgebreide recensie te schrijven, zou het festival geen recht doen. Zeker niet als die dag gekleurd wordt door (alweer) veel regen, terwijl Manana Manana als uiterst relaxed festival toch nog meer dan andere festivals pas&hellip;&nbsp;Lees verder &raquo;Ma\u00f1ana Ma\u00f1ana 2014","og_url":"https:\/\/www.barttimmers.nl\/?page_id=423","og_site_name":"Muziek en meer","article_modified_time":"2017-04-21T09:24:36+00:00","og_image":[{"url":"https:\/\/www.barttimmers.nl\/wp-content\/uploads\/2017\/04\/Manana-300x232.png","type":"","width":"","height":""}],"twitter_card":"summary_large_image","twitter_misc":{"Geschatte leestijd":"1 minuut"},"schema":{"@context":"https:\/\/schema.org","@graph":[{"@type":"WebPage","@id":"https:\/\/www.barttimmers.nl\/?page_id=423","url":"https:\/\/www.barttimmers.nl\/?page_id=423","name":"Ma\u00f1ana Ma\u00f1ana 2014 - Muziek en meer","isPartOf":{"@id":"https:\/\/www.barttimmers.nl\/#website"},"primaryImageOfPage":{"@id":"https:\/\/www.barttimmers.nl\/?page_id=423#primaryimage"},"image":{"@id":"https:\/\/www.barttimmers.nl\/?page_id=423#primaryimage"},"thumbnailUrl":"https:\/\/www.barttimmers.nl\/wp-content\/uploads\/2017\/04\/Manana-300x232.png","datePublished":"2014-08-31T09:23:18+00:00","dateModified":"2017-04-21T09:24:36+00:00","breadcrumb":{"@id":"https:\/\/www.barttimmers.nl\/?page_id=423#breadcrumb"},"inLanguage":"nl-NL","potentialAction":[{"@type":"ReadAction","target":["https:\/\/www.barttimmers.nl\/?page_id=423"]}]},{"@type":"ImageObject","inLanguage":"nl-NL","@id":"https:\/\/www.barttimmers.nl\/?page_id=423#primaryimage","url":"https:\/\/www.barttimmers.nl\/wp-content\/uploads\/2017\/04\/Manana.png","contentUrl":"https:\/\/www.barttimmers.nl\/wp-content\/uploads\/2017\/04\/Manana.png","width":356,"height":275},{"@type":"BreadcrumbList","@id":"https:\/\/www.barttimmers.nl\/?page_id=423#breadcrumb","itemListElement":[{"@type":"ListItem","position":1,"name":"Home","item":"https:\/\/www.barttimmers.nl\/"},{"@type":"ListItem","position":2,"name":"Ma\u00f1ana Ma\u00f1ana 2014"}]},{"@type":"WebSite","@id":"https:\/\/www.barttimmers.nl\/#website","url":"https:\/\/www.barttimmers.nl\/","name":"Muziek en meer","description":"Get into the groove.... Bart wil iets delen","potentialAction":[{"@type":"SearchAction","target":{"@type":"EntryPoint","urlTemplate":"https:\/\/www.barttimmers.nl\/?s={search_term_string}"},"query-input":{"@type":"PropertyValueSpecification","valueRequired":true,"valueName":"search_term_string"}}],"inLanguage":"nl-NL"}]}},"_links":{"self":[{"href":"https:\/\/www.barttimmers.nl\/index.php?rest_route=\/wp\/v2\/pages\/423","targetHints":{"allow":["GET"]}}],"collection":[{"href":"https:\/\/www.barttimmers.nl\/index.php?rest_route=\/wp\/v2\/pages"}],"about":[{"href":"https:\/\/www.barttimmers.nl\/index.php?rest_route=\/wp\/v2\/types\/page"}],"author":[{"embeddable":true,"href":"https:\/\/www.barttimmers.nl\/index.php?rest_route=\/wp\/v2\/users\/1"}],"replies":[{"embeddable":true,"href":"https:\/\/www.barttimmers.nl\/index.php?rest_route=%2Fwp%2Fv2%2Fcomments&post=423"}],"version-history":[{"count":1,"href":"https:\/\/www.barttimmers.nl\/index.php?rest_route=\/wp\/v2\/pages\/423\/revisions"}],"predecessor-version":[{"id":426,"href":"https:\/\/www.barttimmers.nl\/index.php?rest_route=\/wp\/v2\/pages\/423\/revisions\/426"}],"wp:attachment":[{"href":"https:\/\/www.barttimmers.nl\/index.php?rest_route=%2Fwp%2Fv2%2Fmedia&parent=423"}],"curies":[{"name":"wp","href":"https:\/\/api.w.org\/{rel}","templated":true}]}}