{"id":1849,"date":"2020-05-21T14:00:44","date_gmt":"2020-05-21T13:00:44","guid":{"rendered":"https:\/\/www.barttimmers.nl\/?page_id=1849"},"modified":"2020-05-21T14:00:44","modified_gmt":"2020-05-21T13:00:44","slug":"artikel-beeldbellen-medisch-ondernemen-mei-2020","status":"publish","type":"page","link":"https:\/\/www.barttimmers.nl\/?page_id=1849","title":{"rendered":"Artikel beeldbellen, Medisch Ondernemen mei 2020"},"content":{"rendered":"\n<div class=\"wp-block-themeisle-blocks-advanced-columns has-1-columns has-desktop-equal-layout has-tablet-equal-layout has-mobile-equal-layout has-default-gap has-vertical-unset\" id=\"wp-block-themeisle-blocks-advanced-columns-f621d2ee\" style=\"border-width:0px;border-style:solid;border-color:#000000;border-radius:0px;justify-content:unset\"><div class=\"wp-themeisle-block-overlay\" style=\"opacity:0.5;mix-blend-mode:normal\"><\/div><div class=\"innerblocks-wrap\">\n<div class=\"wp-block-themeisle-blocks-advanced-column\" id=\"wp-block-themeisle-blocks-advanced-column-ca2dfa92\" style=\"border-width:0px;border-style:solid;border-color:#000000;border-radius:0px\">\n<h1 class=\"wp-block-heading\">Huisarts Bart Timmers over beeldbellen: \u2018Als je een online agenda aanbiedt, kun je ook je beeldbelspreekuur houden\u2019&nbsp;<\/h1>\n\n\n\n<p>Bart Timmers, huisarts in het Gelderse \u2019s-Heerenberg, vertelt over zijn zoektocht bij het beeldbellen. Hij werkt sinds twee maanden met ArtsOnline, een nieuwe app ontwikkeld door Roset, ondersteuningsorgaan in Twente, in samenwerking met zorgverzekeraar Menzis. \u2018De vraag of de pati\u00ebnt altijd wel naar de praktijk kan komen, wordt vaak niet gesteld.\u2019<\/p>\n\n\n\n<figure class=\"wp-block-image\"><img decoding=\"async\" src=\"https:\/\/www.medischondernemen.nl\/static\/site\/img\/module\/content\/article\/24271\/header.jpg\" alt=\"Huisarts Bart Timmers over beeldbellen: \u2018Als je een online agenda aanbiedt, kun je ook je beeldbelspreekuur houden\u2019\"\/><\/figure>\n\n\n\n<p>Anders dan huisarts Jasper Schellingerhout (zie:&nbsp;&nbsp;<strong><a href=\"https:\/\/acquire-publishing.foleon.com\/praktijkmanagersnetwerk\/pm-dag-digimagazine-1\/huisarts-jasper-schellingerhout-over-e-health\/\" rel=\"noreferrer noopener\" target=\"_blank\">\u2018Praktijkmanagers kunnen het personeel enthousiast maken voor e-health<\/a>&nbsp;<\/strong>) denkt Timmers dat online consulten via beeldbellen vaak goed mogelijk zijn. \u2018Er zijn zeker consulten die niet vervangbaar zijn door beeldbellen, maar een heleboel wel. Beeldbellen levert veel meer informatie op dan gewoon bellen en vind ik vergelijkbaar met face-to-face contact in de spreekkamer. Bij een derde tot de helft van de consulten kun je dat heel goed via beeldbellen doen. Bij consulten zonder lichamelijk onderzoek of bij vervolgafspraken.\u2019<\/p>\n\n\n\n<h2 class=\"wp-block-heading\">Digitale zorg<\/h2>\n\n\n\n<p><strong><a href=\"https:\/\/www.linkedin.com\/in\/barttimmers\/\" rel=\"noreferrer noopener\" target=\"_blank\">Bart Timmers<\/a>&nbsp;&nbsp;<\/strong>is&nbsp;huisarts bij Huisartsenpraktijk Timmers &amp; de Roo. Hij citeert&nbsp;een collega die stelt: &#8220;Een beeldbelconsult scheelt nauwelijks tijd, behalve voor de pati\u00ebnt.&#8221;&nbsp;&nbsp;\u2018Dat is voor pati\u00ebnten juist heel belangrijk, dat ze niet hoeven te reizen. En dat zeker in deze coronatijd. Er is bij artsen best weerstand tegen beeldbellen, met als argumenten: \u201cJe kunt ook gewoon bellen\u201d of \u201cIk zie liever de pati\u00ebnt live\u201d. De vraag is alleen of het de pati\u00ebnt altijd lukt om bij je te komen. Die vraag wordt vaak niet gesteld. Gaan we het komende jaar die wachtkamers weer vol laten lopen? Ik denk het niet.\u2019<\/p>\n\n\n\n<p>\u2018Ik wil het huisartsenvak zo goed mogelijk uitoefenen. Sinds de opkomst van internet heb ik me daarom in de toepassingen van digitale zorg verdiept. Ik vind servicegerichtheid naar de pati\u00ebnt toe heel belangrijk. Continu nadenken over wat het beste is voor mijn pati\u00ebnt. Dat is niet alleen medisch- inhoudelijk, maar ook nadenken over: hoe kan ik nu beste service leveren naar de pati\u00ebnt?\u2019<\/p>\n\n\n\n<h2 class=\"wp-block-heading\">Paradox<\/h2>\n\n\n\n<p>\u2018Daarbij speelt wel een paradox. Ik denk dat pati\u00ebnten wel willen beeldbellen, maar ze vragen me dat nooit. Ik moet vaak denken aan de uitspraak van Henry Ford. Hij zegt: \u201cMensen willen snellere paarden, maar ze zeggen niet: ik wil een auto.\u201d Mensen vroegen niet naar het e-consult, maar toen het kon zeiden ze: dit is wel verrekt handig. Je mag je ook best verplaatsen in de pati\u00ebnt. Ik denk dat pati\u00ebnten beeldbellen heel handig vinden, maar ze vragen er nog niet om. Die vraag moet je ook een beetje proberen te proeven bij de pati\u00ebnt.\u2019<\/p>\n\n\n\n<p>\u2018Mijn eigen ervaringen met beeldbellen zijn versnipperd. Elf jaar geleden ben ik begonnen en toen werkte het nog niet zo goed. Het was logistiek niet goed te integreren in de praktijkflow. Zes jaar geleden kwam FocusCura met PatientHub, dat werkte heel fijn en pati\u00ebnten vonden dat ook. FocusCura koos uiteindelijk voor de tweede lijn. Sindsdien ben ik eigenlijk op zoek en ging ik af en toe ad hoc beeldbellen met bijvoorbeeld Facetime.\u2019<\/p>\n\n\n\n<figure><iframe loading=\"lazy\" src=\"https:\/\/www.youtube.com\/embed\/pZy5UKYVYyg\" width=\"560\" height=\"315\"><\/iframe><\/figure>\n\n\n\n<p>De 1,5 meter wachtkamer (in &#8217;t kwadraat). Video vanuit de wachtkamer van&nbsp;&nbsp;<a href=\"https:\/\/groepspraktijkhuisartsen.praktijkinfo.nl\/\" rel=\"noreferrer noopener\" target=\"_blank\">Huisartsenpraktijk Timmers &amp; de Roo<\/a>, onderdeel van&nbsp;Groepspraktijk Huisartsen Bergh.&nbsp;<\/p>\n\n\n\n<h2 class=\"wp-block-heading\">ArtsOnline<\/h2>\n\n\n\n<p>\u2018Een jaar geleden kwam ik in contact met ondersteuningsorganisatie&nbsp;<strong><a href=\"https:\/\/roset-twente.nl\/\" rel=\"noreferrer noopener\" target=\"_blank\">Roset in Twente<\/a><\/strong>, die ArtsOnline ontwikkelde. Dat is een manier van beeldbellen in de praktijk, waarmee het structureel een plek krijgt in de workflow. Net zoals je een online agenda kunt aanbieden, kun je ook je beeldbelspreekuur aanbieden. Mijn gedachte daarbij is dat ik daarmee een inloopspreekuur van \u00e9\u00e9n of twee uur open kan zetten. Een pati\u00ebnt kan dan naar de website gaan en het beeldbelspreekuur aanklikken. Je meldt je aan en vult via een chatbot een vragenformulier in, een soort anamnese. Vanaf een kwartier voor de tijd ga je in de online wachtkamer zitten en je krijgt een waarschuwing als je aan de beurt bent.\u2019<\/p>\n\n\n\n<p>\u2018De integratie van deze applicatie met m\u2019n huidige huisartseninformatiesysteem is nog wel een pijnpunt. Mijn pati\u00ebntportaal voor online afspraken, herhaal recepten en e-consulten is Praktijkinfo, in mijn regio werken we als huisartsen aan een gezamenlijke app, die met meerdere HIS-sen samenwerkt en ook een regionale uitstraling heeft.\u2019<\/p>\n\n\n\n<h2 class=\"wp-block-heading\">Online spreekuur<\/h2>\n\n\n\n<p>\u2018ArtsOnline maakt het mogelijk een online spreekuur te houden met een online anamnese en ziet er bovendien goed uit. Als iets lekker werkt, word je er toch door be\u00efnvloed. Het is gedegen, voelt goed aan.&nbsp; Ze vroegen mij vanuit Roset of ik mee wilde denken en kwamen tegelijk met een oplossing waarnaar ik eigenlijk op zoek was. Door mijn eerdere ervaringen wist ik dat ik een inloopspreekuur via beeldbellen wilde. Dat was voor mij een dankbaar iets om over mee te denken.\u2019<\/p>\n\n\n\n<p>\u2018Bij beeldbellen zie je de gelaatsuitdrukking van de pati\u00ebnt, de lichaamshouding en de pati\u00ebnt kan aanwijzen waar de pijn zit. Hij grijpt bijvoorbeeld de schouder vast en je ziet wat hij bedoelt. Je kunt in de keel kijken en je kunt de huid bekijken. In deze coronatijd heb je mensen die benauwd zijn. Als ik iemand zie, zeg ik bijvoorbeeld: kan ik even naar je borstkas kijken? Dan tel je de ademhaling. Ik heb het ook al gecombineerd met zuurstofsaturatiemeters en dat geeft ook veel informatie. Je wordt creatief in hoe je mensen kunt beoordelen.\u2019<\/p>\n\n\n\n<h2 class=\"wp-block-heading\">Hybride praktijk<\/h2>\n\n\n\n<p>\u2018De praktijk van de toekomst is hybride, daar werken we op verschillende manieren. ArtsOnline is ontwikkeld in Twente, een regio waarin een huisartsentekort bestaat. Als platform stelt het waarnemers die buiten de regio werken, in staat een aantal uren van huisartsen over te nemen. Een waarnemer in Amsterdam kan dan diensten overnemen van de huisarts aan de andere kant van het land. Ik heb het afgelopen jaar ook een dubbele praktijk gerund omdat er geen opvolger was. Ik weet dus wel hoe het voelt als je menskracht tekort komt. Dat is lullig.\u2019<\/p>\n\n\n\n<p>\u2018Het beeldbelspreekuur heeft nog een aanlooptijd nodig. In de coronatijd merk ik dat pati\u00ebnten nu heel erg terughoudend zijn om de dokter te bellen of te mailen. We zeggen nu: \u201cWe zijn 100% bereikbaar, hetzij via telefoon, mailen of beeld bellen, alleen fysiek zijn we beperkt bereikbaar.\u201d We hebben maximaal 30% capaciteit om mensen live te zien, maar we zijn 100% bereikbaar. Met die boodschap ga ik de boer op bij de lokale televisie, lokale kranten, bibliotheek en welzijnsorganisaties.&nbsp; Mensen denken vaak dat ze alleen met digitale vaardigheden huisartsen kunnen bereiken. Die moeten hierbij worden geholpen. Ik vind het heel erg als mensen op dat gebied ongelijkheid ervaren of een achterstand hebben.\u2019<\/p>\n\n\n\n<p>Links:<\/p>\n\n\n\n<ul class=\"wp-block-list\"><li><strong>MedischOndernemen,&nbsp;<a href=\"https:\/\/acquire-publishing.foleon.com\/praktijkmanagersnetwerk\/pm-dag-digimagazine-1\/huisarts-jasper-schellingerhout-over-e-health\/\" rel=\"noreferrer noopener\" target=\"_blank\">Jasper Schellingerhout: \u2018Praktijkmanagers kunnen het personeel enthousiast maken voor e-health\u2019<\/a><\/strong><\/li><li><strong>MedischOndernemen,&nbsp;<a href=\"https:\/\/www.medischondernemen.nl\/medisch-ondernemen\/beeldbellen-met-artsonline-helpt-de-druk-op-de-huisartsenzorg-te-verlichten\" rel=\"noreferrer noopener\" target=\"_blank\">&#8216;Beeldbellen met ArtsOnline helpt de druk op de huisartsenzorg te verlichten&#8217;<\/a><\/strong><\/li><li><strong>Plus Magazine,&nbsp;<a href=\"https:\/\/www.linkedin.com\/posts\/heleencroonen_beeldbellen-met-de-dokter-huisarts-bart-activity-6666588271205732352-2jqj\" rel=\"noreferrer noopener\" target=\"_blank\">\u2018Beeldbellen werkt bijna net zo goed als een persoonlijk gesprek\u2019&nbsp;<\/a><\/strong><\/li><\/ul>\n<\/div>\n<\/div><\/div>\n","protected":false},"excerpt":{"rendered":"","protected":false},"author":1,"featured_media":0,"parent":0,"menu_order":0,"comment_status":"closed","ping_status":"closed","template":"","meta":{"neve_meta_sidebar":"","neve_meta_container":"","neve_meta_enable_content_width":"","neve_meta_content_width":0,"neve_meta_title_alignment":"","neve_meta_author_avatar":"","neve_post_elements_order":"","neve_meta_disable_header":"","neve_meta_disable_footer":"","neve_meta_disable_title":"","_themeisle_gutenberg_block_has_review":false,"footnotes":""},"class_list":["post-1849","page","type-page","status-publish","hentry"],"yoast_head":"<!-- This site is optimized with the Yoast SEO plugin v27.5 - https:\/\/yoast.com\/product\/yoast-seo-wordpress\/ -->\n<title>Artikel beeldbellen, Medisch Ondernemen mei 2020 - Muziek en meer<\/title>\n<meta name=\"robots\" content=\"index, follow, max-snippet:-1, max-image-preview:large, max-video-preview:-1\" \/>\n<link rel=\"canonical\" href=\"https:\/\/www.barttimmers.nl\/?page_id=1849\" \/>\n<meta property=\"og:locale\" content=\"nl_NL\" \/>\n<meta property=\"og:type\" content=\"article\" \/>\n<meta property=\"og:title\" content=\"Artikel beeldbellen, Medisch Ondernemen mei 2020 - Muziek en meer\" \/>\n<meta property=\"og:url\" content=\"https:\/\/www.barttimmers.nl\/?page_id=1849\" \/>\n<meta property=\"og:site_name\" content=\"Muziek en meer\" \/>\n<meta property=\"og:image\" content=\"https:\/\/www.medischondernemen.nl\/static\/site\/img\/module\/content\/article\/24271\/header.jpg\" \/>\n<meta name=\"twitter:card\" content=\"summary_large_image\" \/>\n<meta name=\"twitter:label1\" content=\"Geschatte leestijd\" \/>\n\t<meta name=\"twitter:data1\" content=\"6 minuten\" \/>\n<script type=\"application\/ld+json\" class=\"yoast-schema-graph\">{\"@context\":\"https:\\\/\\\/schema.org\",\"@graph\":[{\"@type\":\"WebPage\",\"@id\":\"https:\\\/\\\/www.barttimmers.nl\\\/?page_id=1849\",\"url\":\"https:\\\/\\\/www.barttimmers.nl\\\/?page_id=1849\",\"name\":\"Artikel beeldbellen, Medisch Ondernemen mei 2020 - Muziek en meer\",\"isPartOf\":{\"@id\":\"https:\\\/\\\/www.barttimmers.nl\\\/#website\"},\"primaryImageOfPage\":{\"@id\":\"https:\\\/\\\/www.barttimmers.nl\\\/?page_id=1849#primaryimage\"},\"image\":{\"@id\":\"https:\\\/\\\/www.barttimmers.nl\\\/?page_id=1849#primaryimage\"},\"thumbnailUrl\":\"https:\\\/\\\/www.medischondernemen.nl\\\/static\\\/site\\\/img\\\/module\\\/content\\\/article\\\/24271\\\/header.jpg\",\"datePublished\":\"2020-05-21T13:00:44+00:00\",\"breadcrumb\":{\"@id\":\"https:\\\/\\\/www.barttimmers.nl\\\/?page_id=1849#breadcrumb\"},\"inLanguage\":\"nl-NL\",\"potentialAction\":[{\"@type\":\"ReadAction\",\"target\":[\"https:\\\/\\\/www.barttimmers.nl\\\/?page_id=1849\"]}]},{\"@type\":\"ImageObject\",\"inLanguage\":\"nl-NL\",\"@id\":\"https:\\\/\\\/www.barttimmers.nl\\\/?page_id=1849#primaryimage\",\"url\":\"https:\\\/\\\/www.medischondernemen.nl\\\/static\\\/site\\\/img\\\/module\\\/content\\\/article\\\/24271\\\/header.jpg\",\"contentUrl\":\"https:\\\/\\\/www.medischondernemen.nl\\\/static\\\/site\\\/img\\\/module\\\/content\\\/article\\\/24271\\\/header.jpg\"},{\"@type\":\"BreadcrumbList\",\"@id\":\"https:\\\/\\\/www.barttimmers.nl\\\/?page_id=1849#breadcrumb\",\"itemListElement\":[{\"@type\":\"ListItem\",\"position\":1,\"name\":\"Home\",\"item\":\"https:\\\/\\\/www.barttimmers.nl\\\/\"},{\"@type\":\"ListItem\",\"position\":2,\"name\":\"Artikel beeldbellen, Medisch Ondernemen mei 2020\"}]},{\"@type\":\"WebSite\",\"@id\":\"https:\\\/\\\/www.barttimmers.nl\\\/#website\",\"url\":\"https:\\\/\\\/www.barttimmers.nl\\\/\",\"name\":\"Muziek en meer\",\"description\":\"Get into the groove.... Bart wil iets delen\",\"potentialAction\":[{\"@type\":\"SearchAction\",\"target\":{\"@type\":\"EntryPoint\",\"urlTemplate\":\"https:\\\/\\\/www.barttimmers.nl\\\/?s={search_term_string}\"},\"query-input\":{\"@type\":\"PropertyValueSpecification\",\"valueRequired\":true,\"valueName\":\"search_term_string\"}}],\"inLanguage\":\"nl-NL\"}]}<\/script>\n<!-- \/ Yoast SEO plugin. -->","yoast_head_json":{"title":"Artikel beeldbellen, Medisch Ondernemen mei 2020 - Muziek en meer","robots":{"index":"index","follow":"follow","max-snippet":"max-snippet:-1","max-image-preview":"max-image-preview:large","max-video-preview":"max-video-preview:-1"},"canonical":"https:\/\/www.barttimmers.nl\/?page_id=1849","og_locale":"nl_NL","og_type":"article","og_title":"Artikel beeldbellen, Medisch Ondernemen mei 2020 - Muziek en meer","og_url":"https:\/\/www.barttimmers.nl\/?page_id=1849","og_site_name":"Muziek en meer","og_image":[{"url":"https:\/\/www.medischondernemen.nl\/static\/site\/img\/module\/content\/article\/24271\/header.jpg","type":"","width":"","height":""}],"twitter_card":"summary_large_image","twitter_misc":{"Geschatte leestijd":"6 minuten"},"schema":{"@context":"https:\/\/schema.org","@graph":[{"@type":"WebPage","@id":"https:\/\/www.barttimmers.nl\/?page_id=1849","url":"https:\/\/www.barttimmers.nl\/?page_id=1849","name":"Artikel beeldbellen, Medisch Ondernemen mei 2020 - Muziek en meer","isPartOf":{"@id":"https:\/\/www.barttimmers.nl\/#website"},"primaryImageOfPage":{"@id":"https:\/\/www.barttimmers.nl\/?page_id=1849#primaryimage"},"image":{"@id":"https:\/\/www.barttimmers.nl\/?page_id=1849#primaryimage"},"thumbnailUrl":"https:\/\/www.medischondernemen.nl\/static\/site\/img\/module\/content\/article\/24271\/header.jpg","datePublished":"2020-05-21T13:00:44+00:00","breadcrumb":{"@id":"https:\/\/www.barttimmers.nl\/?page_id=1849#breadcrumb"},"inLanguage":"nl-NL","potentialAction":[{"@type":"ReadAction","target":["https:\/\/www.barttimmers.nl\/?page_id=1849"]}]},{"@type":"ImageObject","inLanguage":"nl-NL","@id":"https:\/\/www.barttimmers.nl\/?page_id=1849#primaryimage","url":"https:\/\/www.medischondernemen.nl\/static\/site\/img\/module\/content\/article\/24271\/header.jpg","contentUrl":"https:\/\/www.medischondernemen.nl\/static\/site\/img\/module\/content\/article\/24271\/header.jpg"},{"@type":"BreadcrumbList","@id":"https:\/\/www.barttimmers.nl\/?page_id=1849#breadcrumb","itemListElement":[{"@type":"ListItem","position":1,"name":"Home","item":"https:\/\/www.barttimmers.nl\/"},{"@type":"ListItem","position":2,"name":"Artikel beeldbellen, Medisch Ondernemen mei 2020"}]},{"@type":"WebSite","@id":"https:\/\/www.barttimmers.nl\/#website","url":"https:\/\/www.barttimmers.nl\/","name":"Muziek en meer","description":"Get into the groove.... Bart wil iets delen","potentialAction":[{"@type":"SearchAction","target":{"@type":"EntryPoint","urlTemplate":"https:\/\/www.barttimmers.nl\/?s={search_term_string}"},"query-input":{"@type":"PropertyValueSpecification","valueRequired":true,"valueName":"search_term_string"}}],"inLanguage":"nl-NL"}]}},"_links":{"self":[{"href":"https:\/\/www.barttimmers.nl\/index.php?rest_route=\/wp\/v2\/pages\/1849","targetHints":{"allow":["GET"]}}],"collection":[{"href":"https:\/\/www.barttimmers.nl\/index.php?rest_route=\/wp\/v2\/pages"}],"about":[{"href":"https:\/\/www.barttimmers.nl\/index.php?rest_route=\/wp\/v2\/types\/page"}],"author":[{"embeddable":true,"href":"https:\/\/www.barttimmers.nl\/index.php?rest_route=\/wp\/v2\/users\/1"}],"replies":[{"embeddable":true,"href":"https:\/\/www.barttimmers.nl\/index.php?rest_route=%2Fwp%2Fv2%2Fcomments&post=1849"}],"version-history":[{"count":1,"href":"https:\/\/www.barttimmers.nl\/index.php?rest_route=\/wp\/v2\/pages\/1849\/revisions"}],"predecessor-version":[{"id":1851,"href":"https:\/\/www.barttimmers.nl\/index.php?rest_route=\/wp\/v2\/pages\/1849\/revisions\/1851"}],"wp:attachment":[{"href":"https:\/\/www.barttimmers.nl\/index.php?rest_route=%2Fwp%2Fv2%2Fmedia&parent=1849"}],"curies":[{"name":"wp","href":"https:\/\/api.w.org\/{rel}","templated":true}]}}